{"id":27,"date":"2023-11-22T14:21:42","date_gmt":"2023-11-22T14:21:42","guid":{"rendered":"https:\/\/laceramicaria.es\/?product=tarjeta-de-regalo"},"modified":"2026-01-22T15:39:57","modified_gmt":"2026-01-22T15:39:57","slug":"tarjeta-regalo","status":"publish","type":"product","link":"https:\/\/laceramicaria.es\/cat\/producte\/tarjeta-regalo\/","title":{"rendered":"Targeta regal"},"content":{"rendered":"<p>Celebra un aniversari, un cumple, una graduaci\u00f3 o simplement mostra el teu agra\u00efment amb la nostra targeta regal. \u00c9s el detall perfecte per sorprendre i deixar que tri\u00efn com gaudir de la seva experi\u00e8ncia.<\/p>","protected":false},"excerpt":{"rendered":"<p>Celebra un aniversari, un cumple, una graduaci\u00f3 o simplement mostra el teu agra\u00efment amb la nostra targeta regal. \u00c9s el detall perfecte per sorprendre i deixar que tri\u00efn com gaudir de la seva experi\u00e8ncia.<\/p>","protected":false},"featured_media":5656,"comment_status":"closed","ping_status":"closed","template":"","meta":{"_et_pb_use_builder":"on","_et_pb_old_content":"Celebra un cumple, un aniversario, una graduaci\u00f3n o simplemente diles cu\u00e1nto los aprecias con nuestra tarjeta regalo. Es el detalle perfecto para sorprender y dejar que elijan c\u00f3mo disfrutar su experiencia.","_et_gb_content_width":""},"product_cat":[15],"product_tag":[],"_links":{"self":[{"href":"https:\/\/laceramicaria.es\/cat\/wp-json\/wp\/v2\/product\/27"}],"collection":[{"href":"https:\/\/laceramicaria.es\/cat\/wp-json\/wp\/v2\/product"}],"about":[{"href":"https:\/\/laceramicaria.es\/cat\/wp-json\/wp\/v2\/types\/product"}],"replies":[{"embeddable":true,"href":"https:\/\/laceramicaria.es\/cat\/wp-json\/wp\/v2\/comments?post=27"}],"wp:featuredmedia":[{"embeddable":true,"href":"https:\/\/laceramicaria.es\/cat\/wp-json\/wp\/v2\/media\/5656"}],"wp:attachment":[{"href":"https:\/\/laceramicaria.es\/cat\/wp-json\/wp\/v2\/media?parent=27"}],"wp:term":[{"taxonomy":"product_cat","embeddable":true,"href":"https:\/\/laceramicaria.es\/cat\/wp-json\/wp\/v2\/product_cat?post=27"},{"taxonomy":"product_tag","embeddable":true,"href":"https:\/\/laceramicaria.es\/cat\/wp-json\/wp\/v2\/product_tag?post=27"}],"curies":[{"name":"wp","href":"https:\/\/api.w.org\/{rel}","templated":true}]}}