{"id":1519,"date":"2024-03-12T18:31:06","date_gmt":"2024-03-12T18:31:06","guid":{"rendered":"https:\/\/laceramicaria.es\/?page_id=1519"},"modified":"2025-01-22T19:18:14","modified_gmt":"2025-01-22T19:18:14","slug":"politica-de-privacidad","status":"publish","type":"page","link":"https:\/\/laceramicaria.es\/cat\/politica-de-privacidad\/","title":{"rendered":"Pol\u00edtica de Privacitat"},"content":{"rendered":"<p>[et_pb_section fb_built=\u00bb1&#8243; admin_label=\u00bbReach Us Section\u00bb _builder_version=\u00bb4.23.1&#8243; background_color=\u00bb#eae9e2&#8243; custom_padding=\u00bb1px|0px|1px|0px|false|false\u00bb global_colors_info=\u00bb{}\u00bb][et_pb_row admin_label=\u00bbHero Area\u00bb _builder_version=\u00bb4.27.3&#8243; positioning=\u00bbnone\u00bb position_origin_a=\u00bbcenter_center\u00bb scroll_fade=\u00bb0|60|60|74|100%|100%|0%\u00bb scroll_blur=\u00bb0|0|61|61|10|0|0&#8243; hover_enabled=\u00bb0&#8243; scroll_fade_tablet=\u00bb0|82|82|100|100%|100%|0%\u00bb scroll_fade_phone=\u00bb0|82|82|100|100%|100%|0%\u00bb scroll_fade_last_edited=\u00bbon|desktop\u00bb border_color_all=\u00bb#AFDADB\u00bb locked=\u00bboff\u00bb global_colors_info=\u00bb{}\u00bb width_last_edited=\u00bbon|phone\u00bb sticky_enabled=\u00bb0&#8243; width_phone=\u00bb99%\u00bb][et_pb_column type=\u00bb4_4&#8243; _builder_version=\u00bb4.23.1&#8243; _module_preset=\u00bbdefault\u00bb global_colors_info=\u00bb{}\u00bb][et_pb_text admin_label=\u00bbTitle\u00bb _builder_version=\u00bb4.27.3&#8243; text_font=\u00bbFutura Passata 2||||||||\u00bb header_font=\u00bbFuturaPassata|600|||||||\u00bb header_text_align=\u00bbleft\u00bb header_text_color=\u00bb#0d41ea\u00bb header_font_size=\u00bb4em\u00bb header_2_font=\u00bb||||||||\u00bb background_color=\u00bbRGBA(255,255,255,0)\u00bb text_orientation=\u00bbright\u00bb background_layout=\u00bbdark\u00bb module_alignment=\u00bbcenter\u00bb custom_margin=\u00bb|0px|-10px|0px|false|false\u00bb custom_margin_tablet=\u00bb|||0px|false|false\u00bb custom_margin_phone=\u00bb16px|||0px|false|false\u00bb custom_margin_last_edited=\u00bbon|phone\u00bb custom_padding=\u00bb0px|0px|0px|0px|false|false\u00bb custom_padding_tablet=\u00bb|0px||0px|false|false\u00bb custom_padding_phone=\u00bb|0px||0px|false|false\u00bb custom_padding_last_edited=\u00bbon|phone\u00bb header_text_align_tablet=\u00bbleft\u00bb header_text_align_phone=\u00bbleft\u00bb header_text_align_last_edited=\u00bbon|phone\u00bb header_font_size_tablet=\u00bb13vw\u00bb header_font_size_phone=\u00bb15vw\u00bb header_font_size_last_edited=\u00bbon|tablet\u00bb border_color_right=\u00bbRGBA(255,255,255,0)\u00bb border_width_left=\u00bb0px\u00bb border_color_left=\u00bbRGBA(255,255,255,0)\u00bb border_color_right_tablet=\u00bbRGBA(255,255,255,0)\u00bb border_color_right_phone=\u00bbRGBA(255,255,255,0)\u00bb border_color_right_last_edited=\u00bbon|phone\u00bb border_color_left_tablet=\u00bb#FFFFFF\u00bb border_color_left_phone=\u00bbRGBA(255,255,255,0)\u00bb border_color_left_last_edited=\u00bbon|tablet\u00bb global_colors_info=\u00bb{}\u00bb]<\/p>\n<h1 style=\"text-align: center;\">Pol\u00edtica de privacitat<\/h1>\n<p>[\/et_pb_text][et_pb_divider show_divider=\u00bboff\u00bb disabled_on=\u00bbon|on|off\u00bb _builder_version=\u00bb4.23.1&#8243; _module_preset=\u00bbdefault\u00bb positioning=\u00bbabsolute\u00bb vertical_offset=\u00bb45px\u00bb horizontal_offset=\u00bb61px\u00bb custom_padding=\u00bb||||false|false\u00bb global_colors_info=\u00bb{}\u00bb][\/et_pb_divider][\/et_pb_column][\/et_pb_row][et_pb_row _builder_version=\u00bb4.27.3&#8243; _module_preset=\u00bbdefault\u00bb background_color=\u00bbRGBA(255,255,255,0)\u00bb hover_enabled=\u00bb0&#8243; global_colors_info=\u00bb{}\u00bb width_last_edited=\u00bbon|phone\u00bb sticky_enabled=\u00bb0&#8243; width_phone=\u00bb90%\u00bb][et_pb_column type=\u00bb4_4&#8243; _builder_version=\u00bb4.23.1&#8243; _module_preset=\u00bbdefault\u00bb global_colors_info=\u00bb{}\u00bb][et_pb_text _builder_version=\u00bb4.27.3&#8243; _module_preset=\u00bbdefault\u00bb text_font=\u00bbNew Spirit Medium||||||||\u00bb text_text_color=\u00bb#0d41ea\u00bb text_font_size=\u00bb26px\u00bb header_3_text_color=\u00bb#000000&#8243; header_3_font_size=\u00bb30px\u00bb text_orientation=\u00bbcenter\u00bb global_colors_info=\u00bb{}\u00bb text_font_size_phone=\u00bb23px\u00bb text_font_size_last_edited=\u00bbon|phone\u00bb header_2_font_size=\u00bb20px\u00bb text_font_size_tablet=\u00bb26px\u00bb]<\/p>\n<p style=\"text-align: left;\"><strong>Data de l'\u00faltima actualitzaci\u00f3:<\/strong> 12-03-2024<\/p>\n<p style=\"text-align: left;\">Aquesta pol\u00edtica de privacitat descriu com La Ceramicaria recull, utilitza i protegeix la informaci\u00f3 personal que puguis proporcionar quan utilitzes el nostre lloc web, inclosa la informaci\u00f3 relacionada amb transaccions financeres a trav\u00e9s de la nostra passarel\u00b7la de pagament, d'acord amb la normativa espanyola sobre protecci\u00f3 de dades i privacitat, incloent-hi la Llei Org\u00e0nica 3\/2018, de 5 de desembre, de Protecci\u00f3 de Dades Personals i garantia dels drets digitals (LOPDGDD) i el Reglament General de Protecci\u00f3 de Dades (RGPD).<\/p>\n<p style=\"text-align: left;\"><strong>Informaci\u00f3 que recollim<\/strong><\/p>\n<p style=\"text-align: left;\">Podem recollir la seg\u00fcent informaci\u00f3 personal quan la proporciones volunt\u00e0riament en utilitzar el nostre lloc web:<\/p>\n<ul style=\"text-align: left;\">\n<li>Nom<\/li>\n<li>Adre\u00e7a de correu electr\u00f2nic<\/li>\n<li>Informaci\u00f3 de contacte, com l'adre\u00e7a postal o el n\u00famero de tel\u00e8fon<\/li>\n<li>Informaci\u00f3 de facturaci\u00f3 i enviament<\/li>\n<li>Dades financeres, com els n\u00fameros de targeta de cr\u00e8dit o d\u00e8bit, nom\u00e9s quan realitzes una transacci\u00f3 a trav\u00e9s de la nostra passarel\u00b7la de pagament.<\/li>\n<\/ul>\n<p style=\"text-align: left;\"><strong>Com utilitzem la teva informaci\u00f3<\/strong><\/p>\n<p style=\"text-align: left;\">Utilitzem la informaci\u00f3 personal recollida per als seg\u00fcents fins:<\/p>\n<ul style=\"text-align: left;\">\n<li>Processar i completar les teves comandes, incl\u00f2s el processament de pagaments a trav\u00e9s de la nostra passarel\u00b7la de pagament.<\/li>\n<li>Enviar-te informaci\u00f3 sobre els nostres productes, ofertes especials o altres not\u00edcies que creiem que et poden interessar.<\/li>\n<li>Millorar els nostres productes i serveis.<\/li>\n<li>Mantenir la seguretat i protecci\u00f3 del nostre lloc web i dels nostres usuaris.<\/li>\n<li>Complir amb les nostres obligacions legals.<\/li>\n<\/ul>\n<p style=\"text-align: left;\"><strong>Divulgaci\u00f3 d'informaci\u00f3<\/strong><\/p>\n<p style=\"text-align: left;\">No vendrem, llogarem ni compartirem la teva informaci\u00f3 personal amb tercers, excepte en els seg\u00fcents casos:<\/p>\n<ul style=\"text-align: left;\">\n<li>Quan sigui necessari per complir amb una sol\u00b7licitud teva, com processar una comanda.<\/li>\n<li>Quan sigui necessari per processar pagaments a trav\u00e9s de la nostra passarel\u00b7la de pagament.<\/li>\n<li>Quan sigui perm\u00e8s o requerit per la llei, com respondre a una ordre judicial o sol\u00b7licitud legal del govern.<\/li>\n<li>Quan sigui necessari per protegir els nostres drets, propietat o seguretat, o els drets, propietat o seguretat d'altres usuaris o del p\u00fablic en general.<\/li>\n<\/ul>\n<p style=\"text-align: left;\"><strong>Seguretat de la informaci\u00f3<\/strong><\/p>\n<p style=\"text-align: left;\">Tens certs drets pel que fa a les teves dades personals, incl\u00f2s el dret a accedir, corregir, eliminar, restringir el processament i objectar al processament de les teves dades personals. Si desitges exercir algun d'aquests drets, no dubtis a contactar-nos utilitzant la informaci\u00f3 de contacte proporcionada a continuaci\u00f3.<\/p>\n<p style=\"text-align: left;\"><strong>Els teus drets de privacitat<\/strong><\/p>\n<p style=\"text-align: left;\">Tens certs drets pel que fa a les teves dades personals, incl\u00f2s el dret a accedir, corregir, eliminar, restringir el processament i objectar al processament de les teves dades personals. Si desitges exercir algun d'aquests drets, no dubtis a contactar-nos utilitzant la informaci\u00f3 de contacte proporcionada a continuaci\u00f3.<\/p>\n<p style=\"text-align: left;\"><strong>Canvis en la nostra pol\u00edtica de privacitat<\/strong><\/p>\n<p style=\"text-align: left;\">Ens reservem el dret de actualitzar aquesta pol\u00edtica de privacitat en qualsevol moment. Qualsevol canvi significatiu ser\u00e0 notificat al nostre lloc web juntament amb la data d'entrada en vigor de la nova pol\u00edtica.<\/p>\n<p style=\"text-align: left;\"><strong>CONTACTE<\/strong><\/p>\n<p style=\"text-align: left;\">Si tens qualsevol pregunta sobre la nostra pol\u00edtica de privacitat, o si desitges exercir els teus drets de privacitat, no dubtis en posar-te en contacte amb nosaltres a trav\u00e9s de contacto@laceramicaria.es.<\/p>\n<p>[\/et_pb_text][\/et_pb_column][\/et_pb_row][\/et_pb_section]<\/p>","protected":false},"excerpt":{"rendered":"<p>Pol\u00edtica de privacidadFecha de la \u00faltima actualizaci\u00f3n: 12-03-2024 Esta pol\u00edtica de privacidad describe c\u00f3mo La Ceramicaria recopila, utiliza y protege la informaci\u00f3n personal que puedas proporcionar cuando utilizas nuestro sitio web, incluida la informaci\u00f3n relacionada con transacciones financieras a trav\u00e9s de nuestra pasarela de pago, de acuerdo con la normativa espa\u00f1ola sobre protecci\u00f3n de datos [&hellip;]<\/p>","protected":false},"author":2,"featured_media":0,"parent":0,"menu_order":0,"comment_status":"closed","ping_status":"closed","template":"","meta":{"_et_pb_use_builder":"on","_et_pb_old_content":"","_et_gb_content_width":"","footnotes":""},"_links":{"self":[{"href":"https:\/\/laceramicaria.es\/cat\/wp-json\/wp\/v2\/pages\/1519"}],"collection":[{"href":"https:\/\/laceramicaria.es\/cat\/wp-json\/wp\/v2\/pages"}],"about":[{"href":"https:\/\/laceramicaria.es\/cat\/wp-json\/wp\/v2\/types\/page"}],"author":[{"embeddable":true,"href":"https:\/\/laceramicaria.es\/cat\/wp-json\/wp\/v2\/users\/2"}],"replies":[{"embeddable":true,"href":"https:\/\/laceramicaria.es\/cat\/wp-json\/wp\/v2\/comments?post=1519"}],"version-history":[{"count":5,"href":"https:\/\/laceramicaria.es\/cat\/wp-json\/wp\/v2\/pages\/1519\/revisions"}],"predecessor-version":[{"id":6120,"href":"https:\/\/laceramicaria.es\/cat\/wp-json\/wp\/v2\/pages\/1519\/revisions\/6120"}],"wp:attachment":[{"href":"https:\/\/laceramicaria.es\/cat\/wp-json\/wp\/v2\/media?parent=1519"}],"curies":[{"name":"wp","href":"https:\/\/api.w.org\/{rel}","templated":true}]}}